he remainder when 19475 is divided by 129.
125
Calculate the remainder when 10229 is divided by 444.
17
Calculate the remainder when 20547 is divided by 5136.
3
Calculate the remainder when 110158 is divided by 279.
232
Calculate the remainder when 905 is divided by 172.
45
What is the remainder when 135934 is divided by 21?
1
Calculate the remainder when 1341 is divided by 93.
39
What is the remainder when 76263 is divided by 164?
3
Calculate the remainder when 9564 is divided by 13.
9
Calculate the remainder when 7530 is divided by 8.
2
Calculate the remainder when 159381 is divided by 4829.
24
What is the remainder when 2120 is divided by 1384?
736
What is the remainder when 4820 is divided by 193?
188
What is the remainder when 1174 is divided by 502?
170
What is the remainder when 5362 is divided by 61?
55
Calculate the remainder when 70343 is divided by 393.
389
Calculate the remainder when 204986 is divided by 395.
376
What is the remainder when 7293 is divided by 456?
453
Calculate the remainder when 80757 is divided by 19.
7
What is the remainder when 273 is divided by 57?
45
What is the remainder when 45189 is divided by 118?
113
What is the remainder when 588240 is divided by 34?
6
Calculate the remainder when 1675 is divided by 413.
23
Calculate the remainder when 4986 is divided by 1718.
1550
What is the remainder when 149076 is divided by 2366?
18
Calculate the remainder when 956 is divided by 26.
20
Calculate the remainder when 830 is divided by 283.
264
What is the remainder when 370 is divided by 34?
30
Calculate the remainder when 1343857 is divided by 592.
17
What is the remainder when 14329 is divided by 96?
25
What is the remainder when 12443 is divided by 6200?
43
What is the remainder when 4877011 is divided by 23?
22
What is the remainder when 10233 is divided by 212?
57
What is the remainder when 8254 is divided by 1171?
57
What is the remainder when 2417 is divided by 745?
182
What is the remainder when 2432 is divided by 2381?
51
Calculate the remainder when 1863897 is divided by 114.
111
What is the remainder when 76893 is divided by 11?
3
Calculate the remainder when 4387 is divided by 61.
56
Calculate the remainder when 19137 is divided by 1593.
21
Calculate the remainder when 78768 is divided by 331.
321
Calculate the remainder when 103434 is divided by 616.
562
Calculate the remainder when 21192 is divided by 104.
80
Calculate the remainder when 121940 is divided by 27.
8
Calculate the remainder when 1159 is divided by 406.
347
Calculate the remainder when 7444 is divided by 827.
1
Calculate the remainder when 24396 is divided by 8119.
39
Calculate the remainder when 11754800 is divided by 17.
14
Calculate the remainder when 3088 is divided by 15.
13
What is the remainder when 11587 is divided by 50?
37
What is the remainder when 50801 is divided by 44?
25
Calculate the remainder when 13561 is divided by 4357.
490
Calculate the remainder when 516970 is divided by 25.
20
What is the remainder when 16440 is divided by 1923?
1056
Calculate the remainder when 43743 is divided by 11.
7
Calculate the remainder when 11481 is divided by 61.
13
Calculate the remainder when 78645 is divided by 18.
3
What is the remainder when 1139 is divided by 144?
131
Calculate the remainder when 412456 is divided by 1539.
4
What is the remainder when 332 is divided by 22?
2
What is the remainder when 2766 is divided by 349?
323
Calculate the remainder when 5207 is divided by 2593.
21
Calculate the remainder when 544577 is divided by 1087.
1077
What is the remainder when 3585 is divided by 608?
545
Calculate the remainder when 96 is divided by 35.
26
Calculate the remainder when 2991 is divided by 77.
65
What is the remainder when 3955 is divided by 211?
157
What is the remainder when 478321 is divided by 25?
21
Calculate the remainder when 103898 is divided by 68.
62
What is the remainder when 9773 is divided by 9735?
38
Calculate the remainder when 281385 is divided by 116.
85
Calculate the remainder when 37300 is divided by 9324.
4
What is the remainder when 212277 is divided by 28?
9
What is the remainder when 3208 is divided by 373?
224
Calculate the remainder when 34400 is divided by 1110.
1100
Calculate the remainder when 92650 is divided by 6606.
166
Calculate the remainder when 1228 is divided by 1201.
27
Calculate the remainder when 74535 is divided by 88.
87
Calculate the remainder when 6456018 is divided by 143.
140
Calculate the remainder when 1276 is divided by 53.
4
What is the remainder when 9980 is divided by 28?
12
Calculate the remainder when 4952 is divided by 78.
38
What is the remainder when 2148 is divided by 255?
108
What is the remainder when 93681 is divided by 31212?
45
Calculate the remainder when 7125 is divided by 115.
110
Calculate the remainder when 4993 is divided by 568.
449
What is the remainder when 8070 is divided by 1996?
86
What is the remainder when 268707 is divided by 63?
12
Calculate the remainder when 20679 is divided by 174.
147
Calculate the remainder when 13831 is divided by 999.
844
What is the remainder when 60525 is divided by 97?
94
What is the remainder when 6955 is divided by 1106?
319
Calculate the remainder when 42753 is divided by 602.
11
What is the remainder when 14823 is divided by 7407?
9
What is the remainder when 180187 is divided by 76?
67
Calculate the remainder when 21617 is divided by 1529.
211
Calculate the remainder when 836 is divided by 147.
101
What is the remainder when 143685 is divided by 13061?
14
What is the remainder when 36787 is divided by 9?
4
What is the remainder when 1538 is divided by 749?
40
What is the remainder when 6682 is divided by 3332?
18
What is the remainder when 90 is divided by 28?
6
What is the remainder when 472531 is divided by 18?
13
Calculate the remainder when 599 is divided by 20.
19
Calculate the remainder when 11819 is divided by 300.
119
Calculate the remainder when 1419 is divided by 469.
12
Calculate the remainder when 31083 is divided by 15539.
5
What is the remainder when 14473 is divided by 82?
41
What is the remainder when 107002 is divided by 52?
38
Calculate the remainder when 10927 is divided by 266.
21
What is the remainder when 6786 is divided by 526?
474
What is the remainder when 918376 is divided by 1707?
10
What is the remainder when 6157 is divided by 1343?
785
Calculate the remainder when 4371 is divided by 3570.
801
What is the remainder when 16433 is divided by 187?
164
Calculate the remainder when 45831 is divided by 11455.
11
Calculate the remainder when 85119 is divided by 80.
79
Calculate the remainder when 3268253 is divided by 22.
21
Calculate the remainder when 33271 is divided by 188.
183
What is the remainder when 3445 is divided by 1745?
1700
What is the remainder when 2832 is divided by 1408?
16
What is the remainder when 152122 is divided by 76054?
14
What is the remainder when 776620 is divided by 1663?
1662
Calculate the remainder when 215 is divided by 101.
13
What is the remainder when 51510 is divided by 18?
12
Calculate the remainder when 26478 is divided by 28.
18
Calculate the remainder when 1640 is divided by 1629.
11
Calculate the remainder when 732 is divided by 130.
82
What is the remainder when 978759 is divided by 35?
19
Calculate the remainder when 331270 is divided by 86.
84
Calculate the remainder when 1484 is divided by 543.
398
What is the remainder when 51934 is divided by 115?
69
Calculate the remainder when 18246 is divided by 18237.
9
What is the remainder when 11447 is divided by 63?
44
Calculate the remainder when 177927 is divided by 10.
7
Calculate the remainder when 1093454 is divided by 17.
14
Calculate the remainder when 375163 is divided by 38.
27
What is the remainder when 6288519 is divided by 3035?
3034
What is the remainder when 2592 is divided by 66?
18
What is the remainder when 236763 is divided by 302?
297
Calculate the remainder when 84557 is divided by 318.
287
Calculate the remainder when 4877 is divided by 696.
5
What is the remainder when 6490 is divided by 6483?
7
What is the remainder when 17807 is divided by 17799?
8
Calculate the remainder when 16613 is divided by 5510.
83
Calculate the remainder when 10053 is divided by 183.
171
Calculate the remain